1
Let c(i) = 22*i - 15. Let v be c(6). Let y = v - 122. Let h(q) = -q**3 - 5*q**2 - q - 3. Determine h(y).
2
Let c = 3 - 2. Let s(b) be the second derivative of 0 + 13*b - 1/2*b**2 + 0*b**3 - 5/12*b**4. What is s(c)?
-6
Let y(m) = -2*m**2 - 7*m - 2. Suppose -93 - 309 = 134*n. Give y(n).
1
Let k(h) = 7*h**2 + h - 1. Let v be 6/66 - (-68)/(-22). Give k(v).
59
Suppose -3*g - 6 - 6 = 0. Let n be (-100)/(-6) + 2/(-3). Let x(l) = -1 - n*l - 5 + 14*l. What is x(g)?
2
Let w(z) = -z**2 - z + 17. Suppose -5*n + 22 = r + 2, 10 = 4*n + 2*r. What is w(n)?
-13
Let u be ((-55)/(-22) + -4)*-2. Let m(q) be the second derivative of 0 - 3/20*q**5 + 1/2*q**2 + 1/12*q**4 - 1/6*q**u - q. Calculate m(1).
-2
Let a(f) be the first derivative of -f**4/12 + f**2/2 + 8. Let o(c) be the second derivative of a(c). Determine o(3).
-6
Let j(t) be the second derivative of -11/2*t**2 + 20*t + 0 - 1/6*t**3. Suppose 0 = -5*l + 6*l + 7. Give j(l).
-4
Let m(a) = -2*a - 16. Suppose -4*d - 17 - 15 = 0. Let b be m(d). Let y(i) be the second derivative of -i**3/6 + i**2/2 + 3*i. Give y(b).
1
Let r(b) = -7*b**2 - 13*b - 14. Let q(t) = -8*t**2 - 13*t - 12. Let l(f) = 6*q(f) - 7*r(f). Determine l(-11).
4
Suppose -7*i + 9 = -33. Suppose -4*s = -4*u + 28, s - i*u + u = -27. Let z(q) = 6*q - 1. Calculate z(s).
-13
Suppose 3*d + d - 5*y = -256, -3*y = 12. Let x = 64 + d. Let j(l) = 3*l + 1. Determine j(x).
-14
Let q(h) = -3*h**3 - h**2 + 1. Suppose -19*s - 36 = -55*s. Determine q(s).
-3
Let p(s) = -s**3 - 3*s**2 + 2*s. Suppose -3*f - 267 = -51. Let v be 0 + f/12*(-1)/(-2). Give p(v).
-6
Suppose -5*l + 26 = -4. Let q(a) = -a**2 + 4*a. Let v be q(3). Let p(w) = 4*w - 2. Let z(c) = -9*c + 3. Let j(g) = v*z(g) + 7*p(g). Calculate j(l).
1
Suppose 2*u - 4*d + 28 = 3*u, -3*u - 4*d = -108. Let l(r) = u - r - 78 + 41. Calculate l(8).
-5
Let b(t) be the second derivative of -t**4/12 - t**3/6 + 7*t**2/2 + 120*t. Give b(0).
7
Let s be 2 - (-3 - (-5 + 3)). Let t be (s + 3 + -4)*2. Let n(x) be the first derivative of -x**2/2 + 7. Give n(t).
-4
Let o(r) be the second derivative of r**4/12 - r**3/2 - 9*r**2/2 + 4*r - 1. Determine o(4).
-5
Let j(c) = -8*c**2 + 11*c - 2. Let g(t) = 5*t**2 - 5*t + 1. Let k(z) = 5*g(z) + 3*j(z). Calculate k(-8).
-1
Let r(d) = -1632 + 816 + 3*d + 814 - d**3 + d**2. What is r(-3)?
25
Let u(g) = g + g + 7*g + 10 - 8*g. Let x be u(-9). Let m(l) = l**2 - l + 74 - 74 - 6*l**3. Determine m(x).
-6
Suppose 0*r - 186 = 2*r. Let h be 12/(-28) - r/21. Let m(j) = 15*j - 12*j + h - 3. What is m(3)?
10
Let v(j) = 3*j**3 - 12*j**2 - 16*j - 15. Let g(a) = a**3 - a - 1. Let x(h) = -4*g(h) + v(h). What is x(-11)?
0
Let l(g) = -g**3 + 7*g**2 + 7*g + 10. Let y be l(8). Let h(p) = -58*p**2 + 29*p**y - 4*p + 30*p**2 - 5. Calculate h(5).
0
Let z be 7/(1*(-1)/(-1)). Let j be 9/4 + z/(-28). Let p(g) be the second derivative of g**4/6 - g**3/6 + g**2 + g. Give p(j).
8
Let t(r) = -4*r - 5. Let a(j) = -4*j - 8. Let o(k) = -2*a(k) + 3*t(k). Let c = -1 + -2. Let y be (-1)/((5/c)/(-5)). Determine o(y).
13
Let g(p) be the second derivative of p**3/6 - p**2/2 - 2*p. Let r(d) = d**2 + 9*d - 9. Let k(x) = -4*g(x) + r(x). Let m = -404 + 398. Determine k(m).
1
Let y(m) = 9*m**2 + m. Let q be ((-2)/(-4))/(24/(-16) + 1). What is y(q)?
8
Let h(i) be the first derivative of -i**3/3 - 3*i**2/2 - 1. Let m(s) = -s + 1. Let d be m(2). Let f be d - (-1)/2*-4. Calculate h(f).
0
Let i(j) be the first derivative of -3*j**2/2 + 33*j + 113. Calculate i(7).
12
Let f(s) = -s**3 - 7*s**2 - s - 9. Let c(h) = -3*h - 2. Let u be c(1). Let a be (-4 - 1) + 4 + -1 + u. Give f(a).
-2
Suppose 93 = s - 5*g, 351 = 3*s + 5*g - 2*g. Let v = s + -109. Let p(t) = -4*t - 1. What is p(v)?
-17
Let y(g) = -10*g**3 - g**2 + g - 1. Let x be 0/(20/4) - (4 - 5). Determine y(x).
-11
Suppose 17 - 5 = -3*z. Let p(g) be the third derivative of -g**7/2520 - 7*g**6/720 + 41*g**4/24 - 18*g**2. Let k(y) be the second derivative of p(y). Give k(z).
12
Let o(q) = q**2 + 7*q + 3. Suppose 11*z = z - 490. Let j = z - -43. What is o(j)?
-3
Suppose -2*l - 7 = 5. Let p(m) be the third derivative of -1/6*m**4 - 1/60*m**5 + 0*m + 50*m**2 + m**3 + 0. Calculate p(l).
-6
Let q(o) = 7*o - 30. Let t(l) = 3*l - 15. Let m(u) = -6*q(u) + 13*t(u). Let a be m(-6). Let i(j) = -18*j**3 + 3*j**2 + 27*j**a + j - 10*j**3. Calculate i(2).
6
Let g(m) = 28 + 2*m - 22 + 7. Give g(-9).
-5
Let x(v) be the first derivative of -3*v**2/2 - 5*v + 1. Suppose 45 + 10 = 5*g. Suppose -g*i - 18 = 26. Calculate x(i).
7
Let i(p) be the third derivative of -p**7/2520 + 7*p**6/720 + p**5/40 - p**4/6 + 2*p**3/3 - 10*p**2. Let f(z) be the second derivative of i(z). What is f(7)?
3
Let b(l) be the second derivative of 1/2*l**3 + 0 - 1/2*l**2 + 19*l. Suppose 4*u + 1 = -11. Calculate b(u).
-10
Let j(w) = 4*w - 105. Let c be j(27). Let v(u) be the first derivative of 0 - 3 - u**2 + 2. Determine v(c).
-6
Let w(y) = -5*y - 8. Suppose 16 = -5*a + 3*l, 4*a - 5*l = -l - 16. Determine w(a).
2
Let w(m) = -2*m + 23. Let b be w(10). Let r(h) = -2*h**2 + 7*h**3 - 1 - 7*h**3 + b*h**2 + 2*h - h**3. Calculate r(2).
-1
Let y = 1059 - 1054. Suppose 6 = 3*n - 6. Let i(k) = -y*k + 6*k**2 - k**2 + 2 - n*k**2. Determine i(6).
8
Let s(p) be the third derivative of -5/6*p**3 + 0 - 1/12*p**4 + 0*p - 11*p**2. Calculate s(-6).
7
Let u(t) be the first derivative of -3*t**2 - 4*t + 146. Determine u(-1).
2
Suppose 0 = -4*x - 5*l + 6 + 15, 5*l + 6 = -x. Let s(g) = -g**2 + 7*g + 15. Let r be s(x). Let h(p) = p**2 + 4*p + 3. What is h(r)?
0
Let z(b) = 14*b**2 - b - 1. Suppose 2 = 3*y + 14. Suppose 5*d + 16 = -3*p, -3*p - 12 = 5*d - 2*d. Let v be (p - y)/(12 - 14). Give z(v).
14
Let j(y) be the third derivative of 17*y**5/60 - y**3/6 + y**2. Let a(w) = w + 14. Let o be a(-11). Let c be (-18)/36*(o + -1). What is j(c)?
16
Let t(r) be the first derivative of r + 8 + 3/2*r**2. Determine t(-1).
-2
Let b(w) = w**2 - 8*w + 20. Let l be b(4). Suppose l*u = y - 30, -y + 33 = -5*u - 2*y. Let x(z) = z + 4. What is x(u)?
-3
Let d = 37 - 38. Let f = 18 - 17. Let q(o) = -2*o + 0 - f + 1 + 1. Determine q(d).
3
Let p(w) = -19*w. Suppose 0*s = 4*h - 2*s - 18, -17 = -h + 3*s. Let f be (-1)/h*(2/(-1))/(-1). Determine p(f).
19
Let o(i) = i**3 + 10*i**2 + i + 10. Let u(f) = 4*f + 42. Let d be u(-13). Give o(d).
0
Let r(d) = -3*d - 3 + 81*d**3 - d**2 + 9*d**2 + 13*d - 82*d**3. What is r(9)?
6
Let j(t) = 2*t - 24. Let b = 546 - 537. Calculate j(b).
-6
Let x(q) be the third derivative of q**6/120 + q**5/15 - q**4/8 - 2*q**3/3 + 188*q**2. Suppose 6*w = 5*w + 4. Suppose -w*o = 8 + 8. Calculate x(o).
8
Let w(z) = 3*z - 5*z - 2*z - 2*z. Suppose 9 = 5*p - 1. Calculate w(p).
-12
Let b(h) be the second derivative of -h**5/10 + h**4/4 - h**2 + 211*h. Calculate b(2).
-6
Let l be 43/1*1/4*4. Let w = -49 + l. Let x(k) = 0 + 1 - 3 - 2*k. Determine x(w).
10
Let z(l) = -l**3 + 4*l**2 - 1. Suppose 1012 = m + 1008. Determine z(m).
-1
Let n(j) = j**3 - 4*j**2 - j - 1. Suppose f - 6*f = -25. Suppose -4*k = 2*z - 154, f = -2*z - 1. Let v be (k/(-15))/((-2)/3). What is n(v)?
-5
Let c be (-11)/(-2 + (2 - -1)). Let x = c + 14. Let o be 3 - (6 + x + -4). Let a(r) = -r - 1. Give a(o).
1
Let h(x) be the first derivative of 0*x - 1/2*x**2 - 17. What is h(-3)?
3
Let o(f) = -f**2 + 6*f + 31. Let s be o(9). Let t be s + -5 + 5/1. Let g(q) = -q**3 + 5*q**2 - 3*q - 3. Determine g(t).
1
Let p = -98 - -101. Suppose -5*g = -3*c + 38, -c + p*g = 6*g + 6. Let y(x) = 2*x - 9. Determine y(c).
3
Let j(z) = 6 + 11 - 12 + z. Let r be j(-2). Let y(b) = b**2 + 2*b - 4. Give y(r).
11
Let i(z) be the second derivative of -z**5/20 - 2*z**4/3 - 4*z**3/3 - z**2 - 10*z. Let a = 147 - 154. Determine i(a).
5
Suppose -5*z + z = 0. Suppose 7*k - 2*k - 10 = z. Let w(h) = 4*h**2 + h - 2. Let s(x) = x - 1. Let f(n) = 4*s(n) - w(n). Determine f(k).
-12
Let l be 1*(-1 - -3) + 54 + -51. Suppose -1 - 9 = l*y. Let h(r) = 4*r**2 + 4*r + 2. What is h(y)?
10
Let i(s) = -3*s + 1. Let w be (-12)/3 + 2 + 2. Suppose w = -3*k - 3*v + 21, 5*k + v - 7 = 20. Suppose -k = -4*t - 17. Give i(t).
10
Suppose 3*q + c = 51, -2*q + 5*c - 4 + 21 = 0. Let n = q + -10. Let x(o) = 3*o**2 - 1. Let y(j) = 7*j**2 - 7*j - 1. Let u(t) = 2*x(t) - y(t). What is u(n)?
5
Let a(f) = -f**3 - 4*f**2 + 20*f + 73. Let v be a(-5). Let l(w) = 3*w**2 + 3*w.